.
-28
Let y(g) = 19*g**2 + 29 - 6 + g**3 + 50*g - 175*g + 67 + 87*g. Determine y(-21).
6
Let t(m) be the first derivative of -m**5/60 + 11*m**4/24 - 5*m**3/3 - 3*m**2 + 31. Let f(z) be the second derivative of t(z). Calculate f(8).
14
Let j(t) = 4*t - 7. Let r be (-12 - (1 + 0)) + -5 + 10 + -2. Determine j(r).
-47
Let f = -12 - -15. Let l be (2/(-2) + -1)*12/(-8). Let z(u) = -6*u - l - 3*u + f*u + 8*u. Calculate z(3).
3
Suppose -49*c + 20 = -29*c. Let j(w) = -w - 1. Let k(n) = -n**3 + 2*n**2 + 7*n + 6. Let l(r) = c*k(r) + 5*j(r). Calculate l(3).
-2
Let r = -47 - -45. Suppose -9 = -5*o + 2*o. Let v(m) = m**2 + m + 4. Let x(z) = z + 1. Let d(l) = o*x(l) - v(l). What is d(r)?
-9
Let s(o) = 9*o - 11. Suppose 2*q + 5*j = 10 + 18, 0 = -3*q + 5*j - 8. Let g(x) = -8*x + 9. Let v(z) = q*s(z) + 5*g(z). Calculate v(-1).
5
Let p(m) = m**2 - 6*m - 7. Let r(u) be the second derivative of -u**4/12 - 25*u**3/6 + 16*u**2 + 59*u. Let s be r(-26). What is p(s)?
-7
Suppose 0*m - 21 = -3*m. Let w(b) be the second derivative of b**4/12 - 5*b**3/6 - 9*b**2/2 + 190*b. Determine w(m).
5
Let f(d) = d**2 - 3*d - 4. Let z(m) = 3*m**2 - 4*m**2 + 4*m + 4 - m + 0*m. Let q(n) = -3*f(n) - 4*z(n). What is q(4)?
0
Let j be -3 - (-1 - 6) - (3 - 3). Let f be ((-4)/(-6))/(2/(-36)*j). Let k(b) = -2*b + 1. What is k(f)?
7
Let q(l) = -l**3 - 2*l**2 + 29*l + 41. Let w be q(-6). Let j(f) be the third derivative of -f**2 + 0*f - 7/6*f**3 + 0 + 1/24*f**4. Calculate j(w).
4
Suppose 4*s + 4*c - 32 = 0, -s + 5 + 6 = 4*c. Suppose y - 2 = s. Let t(k) = 13*k - 5*k - 1 - y*k - 5. Determine t(-11).
5
Suppose -20*a = -26*a - 30. Let q(z) = -z**2 + 2*z + 3. Let u(f) = f. Let k(n) = q(n) - 5*u(n). What is k(a)?
-7
Suppose 28*b + 13*b + 82 = 0. Let v(g) = 6*g**2 + 2*g - 6. Give v(b).
14
Let r(g) = 12*g + 662 - 216 + g**2 - g**3 - 219 - 225. Calculate r(-3).
2
Let c(w) = -10*w - 1. Let q be (3/(-2))/1*(-12)/18. Suppose -8 = -9*r + q. Calculate c(r).
-11
Let t(z) be the second derivative of 3*z**2 - 22*z - 2 - 1/2*z**3. Give t(5).
-9
Let j(f) = -f**2 - 7*f + 9. Suppose 3 = -3*p, v - 9*p + 10*p - 1 = 0. Let a be (-12)/v - (-4)/(-4). Give j(a).
9
Let l = -27289 + 27328. Let x(h) = -4*h**2 + 156*h - 10. Calculate x(l).
-10
Let k(i) = -3*i**3 - 4*i**2 - 6*i + 4. Let a = 419 + -426. Let f(j) = -5*j**3 - 7*j**2 - 11*j + 6. Let z(v) = a*k(v) + 4*f(v). Give z(3).
17
Suppose t - 1 = -0*t. Let k(i) = i**2 - i. Let v(r) = -13*r**2 + 8*r + 1. Let m(h) = t*v(h) + 6*k(h). Let j be (5/3)/((-20)/(-24)). Determine m(j).
-23
Let s(t) = 7*t + 11. Let z(w) be the second derivative of 5*w**3/2 + 10*w**2 + 71*w. Let a(j) = 11*s(j) - 6*z(j). Determine a(1).
-12
Let f(s) = -715*s + s**3 + 356*s + 7*s**2 + 367*s - 5. What is f(-4)?
11
Let x(o) be the first derivative of 4*o + 1/2*o**2 - 194. What is x(-4)?
0
Let r(w) = 2*w**2 + 11*w + 15. Let h be r(-1). Let n(s) be the third derivative of -s**5/60 + 5*s**4/12 - 4*s**3/3 - s**2. Calculate n(h).
16
Let w(p) be the second derivative of -p**4/12 + 13*p**3/3 - 123*p**2/2 + 2*p - 132. What is w(19)?
10
Let i(l) = -l - 8. Let f = 227 + -329. Let v = -109 - f. What is i(v)?
-1
Let x(b) be the third derivative of -b**6/120 + b**5/6 - 7*b**4/24 - 13*b**3/6 - 2*b**2. Let p = 533 + -524. Let v be x(p). Let z(h) = -h + 8. What is z(v)?
3
Let b(l) be the third derivative of l**5/60 + l**4/4 - 7*l**3/6 - l**2. Let c be (-53)/(-7632)*18 - 82/16. What is b(c)?
-12
Let s(n) = -3*n**2 - 14*n - 11. Let u(c) be the third derivative of -c**5/30 - 7*c**4/24 - 5*c**3/6 - 57*c**2. Let k(t) = 3*s(t) - 5*u(t). Give k(8).
0
Let q(u) = -u**3 + u - 4. Suppose 0 = -2*s - h - h + 6, -2*h + 6 = 0. Suppose 0 = 16*l + 4*l - 40. Suppose 0 = x - s*x - 3*o - 6, -o = -3*x + l. Determine q(x).
-4
Let o(h) be the second derivative of h**3 - 4*h**2 + 6100*h. Determine o(4).
16
Let q = -9 + 11. Let p(y) = -2*y**3 + 2*y**3 - 3*y**3 + q*y + 2*y**3 + 3*y**2. Let j be 95/(-570) + 25*(-2)/(-12). Calculate p(j).
-8
Let c(g) = 45*g. Let i(z) = 25*z. Let w(b) = 6*c(b) - 11*i(b). Let h be (-11)/(-9) - 4/18. Let t be w(h). Let a(q) = -q - 5. What is a(t)?
0
Let b(a) = a**3 - 5*a**2 - 6*a - 1. Let o(l) = 72*l + 299. Let h(i) = 14*i + 60. Let c(p) = 33*h(p) - 6*o(p). Let y be c(-6). Determine b(y).
-1
Let y(r) = -8*r + 53. Let m(g) = -8*g + 41. Let b(o) = -2*m(o) + 3*y(o). Give b(9).
5
Let q(z) = -2*z - 4. Suppose 3*h + 2*h + l = 41, 4*l + 25 = h. Let x be 16/(-3) + (9 - 78/h). Give q(x).
6
Let d = -465 + 470. Let a(t) = -5*t**3 + 31*t**2 + 51*t - 41. Let s(q) = -q**3 + 6*q**2 + 10*q - 8. Let y(r) = -2*a(r) + 11*s(r). Determine y(d).
9
Let m be (-4)/(-20) - (-72)/15. Let y(j) = 0 + 1 + 0. Let l(z) = z**3 - 6*z**2 + 5*z - 3. Let c(s) = l(s) + 5*y(s). What is c(m)?
2
Let r(h) = -9*h**2 + 18*h**2 + 222 - 24*h - 8*h**2 - 119. Give r(18).
-5
Let t(s) = s - 7. Let c be t(8). Let z(i) = -7*i**2 - 1 + 1 + 0*i**2 + 29*i**2 - 15*i**2. Calculate z(c).
7
Let j(m) = 3*m**2 - 25*m + 3. Let x be j(9). Let r(u) = 16 + 5*u - x - 6*u. Give r(-5).
0
Let v(w) = 2*w. Let z(a) = a - 1. Let x(j) = v(j) - 4*z(j). Let p(k) = 4*k - 9. Let u = -43 + 30. Let i(b) = u*x(b) - 6*p(b). Calculate i(-7).
-12
Let d be 2/(-3) - (-33 + 1638/54). Let r(w) = -11*w + 3. Give r(d).
-19
Let h be -2 + -3 + 10 + -1. Let r(q) be the first derivative of 2*q**3/3 - 7*q**2/2 + 4*q - 5890. Determine r(h).
8
Let s(n) be the third derivative of -n**5/20 - 3*n**4/8 - 5*n**3/2 - n**2 - 5898*n. Calculate s(-3).
-15
Let j(p) = p**2 + 13*p + 2. Suppose 0*l = 5*r - 5*l - 275, 0 = l. Let w be -2*(r/10 + 1). Give j(w).
2
Let z(t) = t**3 - 22*t**2 + 116*t + 10. Let u be z(9). Let m(j) be the third derivative of 11*j**6/120 + j**4/24 - j**3/6 + 7*j**2. What is m(u)?
11
Let d(o) = -24 + 10*o + 10*o**2 - 23*o - 27 + 58 - 17*o. Let t be d(3). Let x(f) = 2*f - 3. What is x(t)?
11
Let b(f) be the second derivative of -f**4/12 + 3*f**3/2 - 5*f**2 + 10*f. Suppose 5*s = -2*n + 53, -4*s - 2 - 18 = 0. Let w = n + -32. Give b(w).
4
Let u(a) be the second derivative of -3*a**5/20 - 5*a**4/3 + a**3/2 - 14*a**2 + 27*a - 1. Let f be u(-7). Let j(c) = -c + 6. Calculate j(f).
6
Let z(l) = 4*l**2 - 3*l. Let o(j) = -j + 6. Let w be o(6). Suppose w = -12*v + 9*v - 6. Let i be (-7 - -6)*(v - 0). Determine z(i).
10
Suppose 3*n - 4*l = -10*l + 18, 0 = -n - 5*l + 12. Let m(q) = 35*q + 1. Give m(n).
71
Let u(n) = -4*n + 35. Suppose -2*x + 24 = 5*f, 3*x + 96 = 4*f + 155. What is u(x)?
-33
Let p(v) = -4*v - 34. Let i be p(8). Let f be 24/(-60) - i/15. Let u(z) = z + 4 + 4*z**2 - 8*z**2 + 0*z**2 + z**3. Determine u(f).
8
Let n(i) = 2*i**2 - 5*i + 16. Let d(x) = x**2 - 3*x + 8. Let t(w) = -5*d(w) + 2*n(w). Give t(4).
-4
Let a(q) = 2*q**3 - 11*q**2 + 14*q - 35. Let s = -19435 + 19440. Calculate a(s).
10
Let a(q) = 22*q + 1964. Let o(m) = 7*m + 561. Let z(f) = 2*a(f) - 7*o(f). Let c(r) = r**3 - 5*r**2 + 4*r + 3. Let s be c(4). Suppose 4*h - s*h = -1. Give z(h).
6
Let c be (-19)/266 - (-668)/(-56). Let i(z) = z**3 + 10*z**2 - 28*z - 35. Calculate i(c).
13
Suppose 223 = 22*b + 3. Let d(r) = 1 + b + r**2 - 13 - r**3. What is d(2)?
-6
Let h be ((-33)/(-9) - 4)*0. Suppose h = -5*l + 6*l - 18. Let r(a) = -18 - 3*a + 35 - l. Determine r(2).
-7
Let u(q) = -2*q**2 - 8*q - 5. Let a(n) = -15*n**2 - 291 - 6*n + 17*n**2 + 267. Let f be a(5). What is u(f)?
-5
Let r be (-24)/(-40) + (-4)/(-10). Let b(t) be the third derivative of 0 - 3/20*t**5 - 69*t**2 + 0*t - 1/6*t**3 + 1/12*t**4. Calculate b(r).
-8
Suppose 50 = 2*g - r, -4*g - 4*r = -5*g + 11. Suppose g = 13*u + 14. Let d(m) = 22*m + 1. Give d(u).
23
Let m = 7012 + -7020. Let n(s) = s**2 + 12*s - 12. What is n(m)?
-44
Suppose 76*y = 66*y - 30. Let u(k) = 10*k**3 + 1 - 9*k**3 + 2*k**2 + 16*k - 18*k + 2. What is u(y)?
0
Suppose -1 + 10 = -373*v + 370*v. Let k(l) = -7*l**3 - 9*l**2 + 3*l + 9. Let g(s) = s**3 + s**2 - 1. Let d(r) = 6*g(r) + k(r). Give d(v).
-6
Let y(p) = p**2 + 6. Let o be (10/(-6))/(40/192*-4). Let g be 6/2 + (-20)/(-5) + o. Let v be g/27 + 2/(-6). Give y(v).
6
Let n(s) = -s**3 + 5*s**2 - 2*s - 2. Let m = -2576 - -2579. Calculate n(m).
10
Let y(f) = 23*f**3 + f**2 + 3*f - 5. Let o be y(1). Let g = 11 - o. Let h(l) = -l**2 - 11*l - 10. What is h(g)?
-10
Let u(a) = -a**3 - 75*a**2 - 78*a - 300. Let d be u(-74). Let c(w) = -w**3 - 6*w**2 - 11*w - 6. Give c(d).
6
Le